{"id":831,"date":"2024-05-13T12:50:37","date_gmt":"2024-05-13T10:50:37","guid":{"rendered":"https:\/\/ember.de\/kamin\/m3-fg\/"},"modified":"2026-05-25T13:07:35","modified_gmt":"2026-05-25T12:07:35","slug":"m3-fg","status":"publish","type":"kamin","link":"https:\/\/ember.de\/hr\/kamin\/m3-fg\/","title":{"rendered":"M3 FG"},"content":{"rendered":"<h3>Uplovite u svijet topline i elegancije uz na\u0161 novi model kamina, dizajniran za savr\u0161enu kombinaciju modernog stila i vrhunske funkcionalnosti.<\/h3>\n<p>Izra\u0111en od visokokvalitetnog lima, ovaj kamin osigurava dugotrajan u\u017eitak i pouzdanost. Njegovo lo\u017ei\u0161te mo\u017ee primiti cjepanice du\u017eine do 50cm, dok staklena vrata pru\u017eaju neometan pogled na ples vatre, dodaju\u0107i element sofisticiranosti va\u0161em prostoru.<\/p>\n","protected":false},"excerpt":{"rendered":"<p>Uplovite u svijet topline i elegancije uz na\u0161 novi model kamina, dizajniran za savr\u0161enu kombinaciju modernog stila i vrhunske funkcionalnosti. Izra\u0111en od visokokvalitetnog lima, ovaj kamin osigurava dugotrajan u\u017eitak i pouzdanost. Njegovo lo\u017ei\u0161te mo\u017ee primiti cjepanice du\u017eine do 50cm, dok staklena vrata pru\u017eaju neometan pogled na ples vatre, dodaju\u0107i element sofisticiranosti va\u0161em prostoru.<\/p>\n","protected":false},"author":2,"featured_media":6146,"parent":0,"menu_order":133,"template":"","format":"standard","meta":{"_acf_changed":false,"footnotes":""},"categories":[55,32],"class_list":["post-831","kamin","type-kamin","status-publish","format-standard","has-post-thumbnail","hentry","category-kamini","category-linija-50"],"acf":[],"_links":{"self":[{"href":"https:\/\/ember.de\/hr\/wp-json\/wp\/v2\/kamin\/831","targetHints":{"allow":["GET"]}}],"collection":[{"href":"https:\/\/ember.de\/hr\/wp-json\/wp\/v2\/kamin"}],"about":[{"href":"https:\/\/ember.de\/hr\/wp-json\/wp\/v2\/types\/kamin"}],"author":[{"embeddable":true,"href":"https:\/\/ember.de\/hr\/wp-json\/wp\/v2\/users\/2"}],"version-history":[{"count":2,"href":"https:\/\/ember.de\/hr\/wp-json\/wp\/v2\/kamin\/831\/revisions"}],"predecessor-version":[{"id":6342,"href":"https:\/\/ember.de\/hr\/wp-json\/wp\/v2\/kamin\/831\/revisions\/6342"}],"wp:featuredmedia":[{"embeddable":true,"href":"https:\/\/ember.de\/hr\/wp-json\/wp\/v2\/media\/6146"}],"wp:attachment":[{"href":"https:\/\/ember.de\/hr\/wp-json\/wp\/v2\/media?parent=831"}],"wp:term":[{"taxonomy":"category","embeddable":true,"href":"https:\/\/ember.de\/hr\/wp-json\/wp\/v2\/categories?post=831"}],"curies":[{"name":"wp","href":"https:\/\/api.w.org\/{rel}","templated":true}]}}

<h3>Uplovite u svijet topline i elegancije uz naš novi model kamina, dizajniran za savršenu kombinaciju modernog stila i vrhunske funkcionalnosti.</h3>
<p>Izrađen od visokokvalitetnog lima, ovaj kamin osigurava dugotrajan užitak i pouzdanost. Njegovo ložište može primiti cjepanice dužine do 50cm, dok staklena vrata pružaju neometan pogled na ples vatre, dodajući element sofisticiranosti vašem prostoru.</p>

<p>Uplovite u svijet topline i elegancije uz naš novi model kamina, dizajniran za savršenu kombinaciju modernog stila i vrhunske funkcionalnosti. Izrađen od visokokvalitetnog lima, ovaj kamin osigurava dugotrajan užitak i pouzdanost. Njegovo ložište može primiti cjepanice dužine do 50cm, dok staklena vrata pružaju neometan pogled na ples vatre, dodajući element sofisticiranosti vašem prostoru.</p>
